*q**2 - 24*q - 1474. Give f(-6).
2
Let q(y) = -y**2 + 12*y + 996. Calculate q(-26).
8
Let l(o) = -8*o**2 + 68*o + 23. Give l(9).
-13
Let c(b) = -b**3 + 68*b**2 - 135*b + 195. What is c(66)?
-3
Let l(u) = -u**3 + 4*u**2 - 18*u + 114. Determine l(5).
-1
Let z(f) = -f**3 + 75*f**2 + 153*f + 118. Determine z(77).
41
Let q(x) = -x**3 + 40*x**2 - 7*x - 2701. What is q(38)?
-79
Let j(v) = 17*v + 248. What is j(-12)?
44
Let r(u) = -u**3 - 83*u**2 - 1696*u - 187. What is r(-47)?
1
Let i(n) = -n**2 - 22*n - 27. What is i(-18)?
45
Let m(z) = 3*z**3 + 3*z**2 - 262*z - 775. Calculate m(-3).
-43
Let p(l) = 8*l + 48. What is p(17)?
184
Let c(o) = -5*o**2 + 1161*o - 2329. Determine c(2).
-27
Let r(d) = -6*d**3 + 6*d**2 - 3*d + 4. Calculate r(3).
-113
Let d(x) = 12*x**2 + 9*x - 2. Determine d(-4).
154
Let q(b) = -b**3 + 31*b**2 + 80*b + 744. Give q(34).
-4
Let p(c) = c**3 + 5*c**2 - 103*c + 8. Give p(-13).
-5
Let f(m) = -229*m + 158. Calculate f(1).
-71
Let p(d) = -2*d**3 + 110*d**2 - 108*d + 29. What is p(54)?
29
Let p(x) = -4*x**3 - 10*x**2 - 413*x - 404. Give p(-1).
3
Let l(o) = -47*o - 3512. Give l(-75).
13
Let l(a) = -a**3 + 7*a**2 + a - 14. Give l(-4).
158
Let v(i) = i**2 + 103*i - 532. Determine v(5).
8
Let s(k) = -92*k - 4986. What is s(-54)?
-18
Let o(a) = a**2 + 8*a - 26. Calculate o(-10).
-6
Let d(h) = -h**2 - 122*h - 1224. Give d(-11).
-3
Let o(u) = 3*u**3 + 81*u**2 + 96*u + 471. Give o(-26).
3
Let n(o) = 2*o**2 + o - 458. What is n(15)?
7
Let m(z) = z**2 - 578. Give m(-23).
-49
Let g(v) = -10*v**3 + 40*v**2 - 4*v - 8. Give g(4).
-24
Let h(b) = -5*b**2 - 202*b - 245. Calculate h(-37).
384
Let l(v) = -v**3 + 10*v**2 - 19*v - 22. Give l(5).
8
Let z(t) = t**3 + 15*t**2 - 7*t - 37. What is z(-15)?
68
Let t(h) = -1212*h - 60. Determine t(-1).
1152
Let v(z) = 213*z**2 + 1085*z + 117. What is v(-5)?
17
Let c(g) = 4*g**2 - 143*g - 441. What is c(-3)?
24
Let o(f) = 4*f**2 + 41*f + 117. What is o(-3)?
30
Let a(u) = 2*u**3 + 281*u**2 - 1306*u - 144. Calculate a(-145).
1
Let n(r) = -127*r**2 - 5*r + 5. Determine n(0).
5
Let s(m) = -2*m**2 - 70*m + 17. Give s(-37).
-131
Let o(t) = -924*t + 74857. Calculate o(81).
13
Let l(s) = 5*s**2 - 90. What is l(-11)?
515
Let f(h) = -5*h**3 - 68*h**2 - 67*h - 362. Determine f(-13).
2
Let z(k) = -2*k**2 + 86*k + 20. Calculate z(9).
632
Let y(x) = -5*x**2 - 173*x + 62. Calculate y(-35).
-8
Let k(i) = -8*i - 106. Calculate k(-15).
14
Let r(z) = z**2 - 55*z + 196. Calculate r(52).
40
Let t(v) = v**2 + 26*v - 2326. What is t(37)?
5
Let b(q) = -38*q + 853. Determine b(24).
-59
Let s(q) = 14*q + 35. Give s(-15).
-175
Let z(m) = 11*m**2 - 2*m - 40. Give z(-2).
8
Let d(g) = 28*g**2 + 26*g + 54. Determine d(-2).
114
Let a(k) = -20*k + 42. Determine a(9).
-138
Let v(r) = 2*r**3 - 30*r**2 - 6*r - 22. Determine v(15).
-112
Let x(u) = 179*u + 1613. What is x(-9)?
2
Let y(w) = -w**3 + 29*w**2 + 33*w + 735. Determine y(31).
-164
Let i(d) = -1736*d + 17369. Give i(10).
9
Let c(p) = 4512*p + 27066. What is c(-6)?
-6
Let d(p) = 68*p - 2844. Determine d(42).
12
Let m(c) = 454*c + 8188. Give m(-18).
16
Let j(m) = 979*m + 95935. Give j(-98).
-7
Let t(c) = -50*c - 1044. Give t(-21).
6
Let w(b) = 6*b**2 + 99*b - 817. What is w(6)?
-7
Let r(h) = -4*h**2 + 3*h + 58. What is r(4)?
6
Let x(w) = -7*w**2 + 21*w - 44. What is x(4)?
-72
Let i(n) = -4*n**2 + 131*n - 1062. Give i(15).
3
Let r(q) = -q**3 - 62*q**2 - 3*q + 12. Give r(-62).
198
Let p(f) = -f**2 - 4*f - 5. What is p(-8)?
-37
Let k(g) = 86*g + 578. Determine k(-6).
62
Let b(y) = y**2 + 21*y + 93. Determine b(-5).
13
Let d(i) = -287*i - 9782. Give d(-34).
-24
Let j(t) = -21*t - 810. Determine j(-38).
-12
Let g(l) = -l**2 + 36*l + 2378. What is g(-33)?
101
Let f(q) = 44*q - 2222. Calculate f(51).
22
Let i(u) = 58*u - 201. Calculate i(7).
205
Let v(f) = -f**3 + 9*f**2 - 23*f + 55. Calculate v(8).
-65
Let r(u) = -13*u**2 + 26*u + 90. Calculate r(-6).
-534
Let f(x) = 4*x**3 - 10*x**2 - 27*x - 5. Calculate f(-2).
-23
Let x(s) = 165*s + 4459. What is x(-27)?
4
Let d(n) = n**2 + 51*n - 981. Give d(-68).
175
Let f(w) = 33*w - 968. Determine f(29).
-11
Let m(d) = 51*d - 516. Determine m(10).
-6
Let d(w) = 10*w + 45. What is d(-15)?
-105
Let f(u) = 5*u**2 + 30*u - 9. What is f(-7)?
26
Let r(o) = -8*o**2 - 23*o + 161. Calculate r(3).
20
Let u(n) = -n**2 - 53*n - 148. Give u(-3).
2
Let d(q) = 2*q + 318. Determine d(-23).
272
Let j(r) = -12*r**2 - 7*r - 5. Determine j(-4).
-169
Let g(u) = u**3 - 9*u**2 - 16*u + 49. What is g(10)?
-11
Let f(c) = 158*c + 2206. What is f(-14)?
-6
Let t(g) = 3*g**2 - 511*g + 509. Calculate t(1).
1
Let x(q) = 81*q + 664. Give x(-7).
97
Let i(t) = -t**3 + 91*t**2 + 82*t + 954. What is i(92)?
34
Let a(q) = 2*q**3 - 378*q**2 - 764*q + 1. Calculate a(191).
1
Let k(w) = -43*w + 1644. Give k(38).
10
Let w(q) = 5*q**2 - 9*q + 10. What is w(2)?
12
Let p(i) = -2*i**2 + 6*i + 13. What is p(4)?
5
Let a(u) = -u**3 - 26*u**2 + 45*u - 239. Give a(-28).
69
Let b(k) = -16*k**2 - 289*k - 49. What is b(-18)?
-31
Let u(j) = j**3 + 10*j**2 - 24*j + 26. Give u(-12).
26
Let a(p) = -216*p + 672. Calculate a(3).
24
Let x(o) = -o**3 - 47*o**2 - 421*o - 55. Determine x(-35).
-20
Let n(z) = 3*z**2 + 152*z - 208. Give n(-52).
0
Let y(x) = -x - 27. Give y(-55).
28
Let d(a) = 1227*a + 4894. Determine d(-4).
-14
Let t(z) = -147*z - 7788. What is t(-53)?
3
Let h(z) = z**2 - 18*z - 3. Determine h(7).
-80
Let q(i) = 118*i + 1627. Give q(-14).
-25
Let p(f) = 24*f - 633. Calculate p(25).
-33
Let r(b) = -7*b + 131. What is r(26)?
-51
Let k(z) = z**3 - 30*z**2 - 14*z + 88. What is k(30)?
-332
Let r(s) = -83*s + 252. What is r(3)?
3
Let f(n) = 3*n**3 + 2*n**2 + 4*n - 155. Give f(0).
-155
Let l(o) = -4*o**2 + 298*o + 629. Calculate l(-2).
17
Let t(b) = -b**3 - 52*b**2 + 111*b + 634. What is t(-54)?
472
Let p(l) = -2131*l + 2129. What is p(1)?
-2
Let r(w) = -w**3 + 36*w**2 + 51*w - 545. Give r(37).
-27
Let q(r) = -6*r**3 - 120*r**2 - 33*r - 659. Give q(-20).
1
Let d(k) = -k**3 + k**2 - 7*k + 13. What is d(3)?
-26
Let t(f) = -51*f - 200. Calculate t(-6).
106
Let b(k) = k**2 + 114*k + 324. Give b(-3).
-9
Let u(x) = 2*x**2 - 236*x - 728. Determine u(-3).
-2
Let b(x) = 2*x**3 + 78*x**2 + 84*x + 459. Calculate b(-38).
155
Let u(i) = i**2 - 3*i - 350. Give u(-12).
-170
Let m(p) = -1299*p - 1291. Give m(-1).
8
Let d(l) = -216*l - 1674. Calculate d(-8).
54
Let b(p) = -17*p**2 + p - 13. What is b(-4)?
-289
Let d(g) = 2*g**2 - 3*g + 8. What is d(4)?
28
Let g(n) = 10*n**2 + 72*n + 81. Calculate g(-6).
9
Let a(r) = r**3 + 28*r**2 - 20*r + 38. Give a(-29).
-223
Let g(b) = -b**2 - 17*b - 25. What is g(-12)?
35
Let m(o) = -o**2 + 146*o + 3706. Calculate m(168).
10
Let o(y) = 6*y**2 - 73*y - 36. What is o(13)?
29
Let v(m) = -m**3 - 23*m**2 - 82*m - 109. Calculate v(-19).
5
Let q(v) = v. Give q(3).
3
Let t(k) = 39*k + 569. Determine t(-31).
-640
Let x(m) = 2*m**3 - 40*m**2 + 33*m - 103. Calculate x(19).
-198
Let z(c) = -446*c + 17835. What is z(40)?
-5
Let g(l) = -l**2 + 771*l - 110773. What is g(191)?
7
Let u(i) = -14*i**3 - 3*i**2 - 2*i - 4. Give u(-2).
100
Let r(a) = -12*a**3 - 83*a**2 - 22*a + 7. Give r(-6).
-257
Let u(t) = t**3 - 10*t**2 + 7*t - 203. Determine u(11).
-5
Let o(n) = n**2 - 8*n + 57. Determine o(6).
45
Let i(o) = 3*o**2 - 581*o + 1711. What is i(3)?
-5
Let l(s) = 78*s - 1288. Give l(13).
-274
Let z(q) = 2*q**3 - 49*q**2 - 203*q + 201. Give z(28).
5
Let g(z) = 3879*z - 127995. What is g(33)?
12
Let x(b) = -b**2 + 6*b - 294. What is x(0)?
-294
Let r(b) = b - 21. Determine r(27).
6
Let i(p) = -p**3 - 4*p**2 - 27*p + 17. Determine i(-5).
177
Let w(q) = -564*q - 340. What is w(-2)?
788
Let d(m) = m**3 + m**2 - 31*m - 54. Determine d(-7).
-131
Let g(w) = -w**3 - 14*w**2 + 32*w + 521. Calculate g(-14).
73
Let j(c) = 5*c**2 - 46*c - 100. Determine j(-2).
12
Let n(v) = -5*v + 149. Determine n(29).
4
Let d(h) = -80*h**2 + h - 7. What is d(-3)?
-730
Let c(u) = u**2 + 89*u - 90. Give c(-90).
0
Let b(o) = -2*o**3 - 36*o**2 + 244*o + 3920. Give b(-19).
6
Let t(d) = 38*d - 491. What is t(18)?
193
Let h(s) = 57*s - 2020. Give h(35).
-25
Let t(v) = v**2 - 84*v + 1750. Determine t(46).
2
Let h(o) = 179*o - 715. Give h(4).
1
Let n(o) = -2*o**3 - 49*o**2 - 201*o - 51. What is n(-5)?
-21
Let k(q) = -88*q + 434. Determine k(5).
-6
Let 